{"id":7,"date":"2015-06-10T16:39:00","date_gmt":"2015-06-10T16:39:00","guid":{"rendered":"https:\/\/www.soportegc.com\/?page_id=7"},"modified":"2015-06-10T16:39:06","modified_gmt":"2015-06-10T16:39:06","slug":"aviso-de-privacidad","status":"publish","type":"page","link":"https:\/\/www.soportegc.com\/?page_id=7","title":{"rendered":"Aviso de privacidad"},"content":{"rendered":"<p>AVISO DE PRIVACIDAD<\/p>\n<p>En cumplimiento a lo previsto en la Ley Federal de Protecci\u00f3n de Datos Personales en Posesi\u00f3n de los Particulares (en lo sucesivo \u201cLey\u201d), nos permitimos informarle lo siguiente:<\/p>\n<p>Soporte y Control Administrativo GC, S.A. de C.V, (en lo sucesivo \u201cSoporte GC\u201d), se\u00f1alando para efectos del presente Aviso de Privacidad el domicilio ubicado en Viaducto Tlalpan No. 5161, Col. La Joya, Delegaci\u00f3n Tlalpan, C.P. 14090, M\u00e9xico, Distrito Federal ser\u00e1 el responsable del uso, tratamiento y protecci\u00f3n de los datos personales (en lo sucesivo los \u201cDatos\u201d) que sean proporcionados por las personas f\u00edsicas a quien correspondan los datos personales, (en lo sucesivo el \u201cTitular\u201d), a las empresas Colpark Tech S.A. de C.V., Enlace Inmueble S.A. de C.V., FG International, S. de R.L. de C.V., Posiciona Estrategia Comercial, S.A. de C.V., Solara Inmueble S.A. de C.V. y Soporte y Control Administrativo GC, S.A. de C.V.<\/p>\n<p>El tratamiento de los \u201cDatos\u201d del \u201cTitular\u201d que se han puesto a disposici\u00f3n de \u201cSoporte GC\u201d, bajo cualquier forma o circunstancia, podr\u00e1 ser efectuado de conformidad con los presentes t\u00e9rminos y condiciones, por lo que, desde este momento se entiende, que el \u201cTitular\u201d otorga su consentimiento para dicho tratamiento.<\/p>\n<p>Los \u201cDatos\u201d pueden ser recabados de forma directa cuando usted mismo nos los proporciona, as\u00ed como, los que se obtengan por medio de nuestra p\u00e1gina de internet www.pagina.com, directorios telef\u00f3nicos o laborales, realiza una llamada a nuestro departamento de servicios o utiliza nuestros servicios en l\u00ednea, y cuando obtenemos informaci\u00f3n a trav\u00e9s de otras fuentes que est\u00e1n permitidas por la \u201cLey\u201d.<\/p>\n<p>Los \u201cDatos\u201d que \u201cSoporte GC\u201d podr\u00e1 recabar pueden ser, entre otros:<\/p>\n<p>\u2022 Nombre<br \/>\n\u2022 Direcci\u00f3n<br \/>\n\u2022 Tel\u00e9fono Particular, del Trabajo, Celular<br \/>\n\u2022 Correo Electr\u00f3nico<br \/>\n\u2022 Edad<br \/>\n\u2022 Sexo<br \/>\n\u2022 Estado Civil<br \/>\n\u2022 Lugar y Fecha de Nacimiento<br \/>\n\u2022 Historia y Datos Laborales<br \/>\n\u2022 Cuentas bancarias<\/p>\n<p>De conformidad con lo que establece el art\u00edculo 9 de la Ley en cita, requerimos de su consentimiento expreso para el tratamiento de sus datos personales sensibles y no sensibles cuyo tratamiento se autoriza a favor de \u201cSoporte GC\u201d al aceptar el presente Aviso de Privacidad.<\/p>\n<p>Para las finalidades se\u00f1aladas en el presente Aviso de Privacidad, el tratamiento que se brinda a estos \u201cDatos\u201d, es con motivo de procesos institucionales relacionados con sus operaciones productivas y\/o comerciales, tales como atender su solicitud de informaci\u00f3n, productos o servicios, entrega y\/o recepci\u00f3n de productos, participaci\u00f3n en ofertas y\/o promociones, atender cualquier queja, pregunta o comentario, invitaci\u00f3n a eventos comerciales, atenci\u00f3n a clientes, env\u00edo de publicidad a trav\u00e9s de cualquier medio de comunicaci\u00f3n, investigaci\u00f3n de estudio de mercado, evaluaci\u00f3n, selecci\u00f3n, concurso, contrataci\u00f3n de bienes y\/o servicios y\/o empleados, localizaci\u00f3n, determinaci\u00f3n de remuneraciones o contraprestaciones, y cualquier otro an\u00e1logo a los anteriores.<\/p>\n<p>El manejo de los \u201cDatos\u201d del Titular por parte de \u201cSoporte GC\u201d, ser\u00e1 por el tiempo que se mantenga la relaci\u00f3n jur\u00eddica con \u201cSoporte GC\u201d, as\u00ed como el contemplado en la \u201cLey\u201d. Nos comprometemos a que los mismos ser\u00e1n tratados bajo las m\u00e1s estrictas medidas de seguridad que garanticen su confidencialidad.<\/p>\n<p>Los \u201cDatos\u201d que sean entregados a \u201cSoporte GC\u201d, ser\u00e1n debidamente resguardados, conservados y protegidos, con los medios tecnol\u00f3gicos y f\u00edsicos adecuados a efecto de que se impida su p\u00e9rdida, mal uso, alteraci\u00f3n, acceso no autorizado y robo. En caso de que los \u201cDatos\u201d resguardados sean requeridos por una autoridad, ya sea para la atenci\u00f3n de un proceso legal o para responder a cualquier reclamo o acciones legales, estos datos se podr\u00e1n disposici\u00f3n dentro del estricto cumplimiento a la \u201cLey\u201d.<\/p>\n<p>El \u201cTitular\u201d de la informaci\u00f3n por su propio derecho podr\u00e1 solicitar el Acceso, Rectificaci\u00f3n, Cancelaci\u00f3n u Oposici\u00f3n (en lo sucesivo \u201cDerechos ARCO\u201d) de los \u201cDatos\u201d, por cualquiera de los siguientes medios:<br \/>\n(i) mediante solicitud escrita dirigida al Departamento de Protecci\u00f3n de Datos Personales de \u201cSoporte GC\u201d, al domicilio ubicado en Viaducto Tlalpan No. 5161, Col. La Joya, Delegaci\u00f3n Tlalpan, C.P. 14090, M\u00e9xico, Distrito Federal; de las 10:00 a 17:00 horas, en d\u00edas h\u00e1biles;<br \/>\n(ii) por medio de solicitud escrita enviada con atenci\u00f3n al Departamento de Protecci\u00f3n de Datos Personales, al correo electr\u00f3nico datos_personales@soportegc.com de las 10:00 a 17:00 horas, en d\u00edas h\u00e1biles;<\/p>\n","protected":false},"excerpt":{"rendered":"<p>AVISO DE PRIVACIDAD En cumplimiento a lo previsto en la Ley Federal de Protecci\u00f3n de Datos Personales en Posesi\u00f3n de los Particulares (en lo sucesivo \u201cLey\u201d), nos permitimos informarle lo siguiente: Soporte y Control Administrativo GC, S.A. de C.V, (en lo sucesivo \u201cSoporte GC\u201d), se\u00f1alando para efectos del presente Aviso de Privacidad el domicilio ubicado [&hellip;]<\/p>\n","protected":false},"author":1,"featured_media":0,"parent":0,"menu_order":0,"comment_status":"open","ping_status":"open","template":"","meta":{"footnotes":""},"class_list":["post-7","page","type-page","status-publish","hentry"],"_links":{"self":[{"href":"https:\/\/www.soportegc.com\/index.php?rest_route=\/wp\/v2\/pages\/7","targetHints":{"allow":["GET"]}}],"collection":[{"href":"https:\/\/www.soportegc.com\/index.php?rest_route=\/wp\/v2\/pages"}],"about":[{"href":"https:\/\/www.soportegc.com\/index.php?rest_route=\/wp\/v2\/types\/page"}],"author":[{"embeddable":true,"href":"https:\/\/www.soportegc.com\/index.php?rest_route=\/wp\/v2\/users\/1"}],"replies":[{"embeddable":true,"href":"https:\/\/www.soportegc.com\/index.php?rest_route=%2Fwp%2Fv2%2Fcomments&post=7"}],"version-history":[{"count":1,"href":"https:\/\/www.soportegc.com\/index.php?rest_route=\/wp\/v2\/pages\/7\/revisions"}],"predecessor-version":[{"id":8,"href":"https:\/\/www.soportegc.com\/index.php?rest_route=\/wp\/v2\/pages\/7\/revisions\/8"}],"wp:attachment":[{"href":"https:\/\/www.soportegc.com\/index.php?rest_route=%2Fwp%2Fv2%2Fmedia&parent=7"}],"curies":[{"name":"wp","href":"https:\/\/api.w.org\/{rel}","templated":true}]}}